 3. Let j be s(3). Let v(q) = -3*q**3 + 10*q**2 - 19 - 3*q**2 - 13*q**2 - 7 + q**3 - 6*q. What is the hundreds digit of v(j)?
2
Let g(p) = -6*p + 40. Suppose -15 = -0*k + 5*k, x = -2*k + 8. Let s be g(x). Let i = s + 132. What is the tens digit of i?
8
Suppose 107309 = 5*a - 2*y, -2*y - 42932 = 10*a - 12*a. What is the thousands digit of a?
1
Suppose 6*l - 844 - 1826 = 0. Let w = -317 + l. Suppose -7*s + 341 + w = 0. What is the units digit of s?
7
Suppose -4*i + 4564 = 4*t, -t = 2*i - 266 - 870. What is the units digit of t?
6
Let r(n) = -n**3 + 16*n**2 + 25*n - 144. Let f be r(17). What is the units digit of f/44 - ((-29409)/33 + 0)?
1
Let g(z) be the first derivative of -4*z - 97/2*z**2 + 18. What is the tens digit of g(-1)?
9
Let z(c) = -3*c**2 + c + 17. Let x be z(4). Let r be (-9)/(x/(-6)) + 9 + -2. Suppose -v + r - 4 = 0. What is the units digit of v?
1
Suppose z = 3*z - 12*z. Suppose 5*v + 82 - 1472 = z. What is the tens digit of v?
7
What is the tens digit of (7 - 14)*(-2 - 978)?
6
Let w = -151 + 191. What is the units digit of (90/w)/(2/8)?
9
Let u = 2782 - 1322. Suppose n - u = -3*n. Suppose 3*z = -2*z + n. What is the tens digit of z?
7
Let n be (-16)/6*(-1 - (-164)/(-16)). Suppose n + 6 = -y. Let z = 153 + y. What is the hundreds digit of z?
1
Let j(x) = 6 + 7 - 6*x + 16*x. Let h = 310 + -301. What is the units digit of j(h)?
3
Suppose -37 = -3*u + 5. Suppose -2298 = -5*h + 2*c, 1844 = 4*h + u*c - 10*c. What is the hundreds digit of h?
4
Let a = 68 - 116. Let l = a - -50. Suppose l*p - 184 + 52 = 0. What is the units digit of p?
6
Suppose -45*k - 18 = -27*k. Let r = 22 + -10. Let d = r - k. What is the tens digit of d?
1
Let r be ((-30)/25)/((-3)/30*4). Suppose -4*a + 22 = -9*a + r*h, -a - 3*h - 8 = 0. Let x = a - -128. What is the units digit of x?
3
Suppose -11*k + 282 = -136. Suppose -4*w + 3*w + 2*x = -k, -85 = -2*w + x. What is the tens digit of w?
4
Let s = -338 + 863. Suppose 91*x - s = 86*x. Let g = x - -106. What is the hundreds digit of g?
2
Let l(s) = 31*s + 0 - 2 - 34*s - 2. Let h be l(-1). What is the hundreds digit of (h/2)/(5/(-1770) + 0)?
1
Let w be ((-3)/(-4))/((-894)/(-224) + -4). What is the tens digit of w/112 - (-247)/4?
6
Let a(c) = -15 + 4*c - 21*c**2 + 12*c - 4 + 22*c**2. Let p be a(-17). What is the hundreds digit of (3 + p)*101 - 9/(-3)?
1
Suppose 0*j + 5*j = 150. What is the units digit of (j/4)/((-1)/(-82))?
5
Let d(h) = 5*h**2 + 41*h + 247. What is the units digit of d(27)?
9
Let w = -1397 - -2207. Let h = w - 393. What is the units digit of h?
7
Suppose 10*q = 8*q. Let s = 3 + q. Suppose 22 = d - s*j, 0 = -3*j + 4*j - 4. What is the units digit of d?
4
Let f(y) = 1399*y**2 - 27*y. What is the hundreds digit of f(-3)?
6
Let n be 284/16 - 1/(-4). Let h(v) = v**2 - 21*v + 76. What is the units digit of h(n)?
2
Let q be (-4 + 2 - 5) + 12/6. What is the tens digit of (-3164)/q + -4 - (-1)/5?
2
Let a = 4187 - 3952. What is the hundreds digit of a?
2
Let d(t) = 27*t**2 + 5*t - 4. Let u be d(-12). Let s = -2374 + u. What is the units digit of s?
0
Suppose 2*i + 1862*j = 1858*j + 15302, 5*j - 7645 = -i. What is the thousands digit of i?
7
Suppose 8636 = -23*z - 11*z. Let t = z + 950. What is the tens digit of t?
9
Suppose -5*m = -19*m + 55*m - 101639. What is the tens digit of m?
7
Suppose -j + 3*u - 10404 + 41598 = 0, 0 = 2*j - 3*u - 62394. What is the units digit of j?
0
What is the units digit of (2 - 0)*(934728/48 + 5)?
7
Let u(l) = 2114*l - 1180. What is the hundreds digit of u(7)?
6
Suppose 21170*v - 21157*v - 641849 = 0. What is the tens digit of v?
7
Let r = 6041 - 1612. What is the units digit of r?
9
Suppose i - 3 = 3*o - 0, 3*i = -5*o - 5. Suppose -3361 = -4*f - 15*s + 18*s, i = -s - 3. What is the tens digit of f?
3
Suppose -25*x = 837291 - 2370366. What is the units digit of x?
3
Let t = 60 + -56. Suppose -2*z + 4 = t*x, 0 = -5*x - 0*z - 2*z + 6. Let g(h) = 14*h**3 - 3*h**2 + h. What is the tens digit of g(x)?
0
Let o be ((-50)/(-150))/((-2)/(-12)). Suppose 0 = 5*b - 3*x - 603, -o*x = -b + 3*x + 125. What is the tens digit of b?
2
Let w(p) = p**3 + 28*p**2 + 7*p - 3. Let g be w(-6). Suppose -4*b + 1015 = t, 4*b - b - 4*t - g = 0. What is the tens digit of b?
5
Suppose 11*o + 14 - 36 = 0. Suppose 1632 = o*v - c, -v - 351 = -3*c - 1167. What is the tens digit of v?
1
Suppose 0 = -3*b - 22*b + 24200. Let w = -47 + b. What is the hundreds digit of w?
9
Let j(y) = 22*y**2 - 29*y - 809. What is the thousands digit of j(-17)?
6
Let a = 44 + -78. Let t = a - -36. Suppose t*v - 268 = -74. What is the units digit of v?
7
Suppose 0 = 2*j - 3*z - 4079, 10 = -4*z - 2. Suppose -j - 1205 = -6*g. What is the units digit of g?
0
Let f(s) = 17*s**2 + 6*s + 4. Let v be f(-5). Let y = v - -27. What is the tens digit of y?
2
What is the hundreds digit of 30/26 - 1 - (-32585610)/390 - -9?
5
Let t(g) = -5*g - 150. Let d be t(-28). Let a(b) = -b**3 - 3*b**2 - 7*b + 6. What is the tens digit of a(d)?
7
Let n(h) = 2963*h**2 + 57*h - 220. What is the thousands digit of n(5)?
4
Suppose -3*v + 3893 + 30193 = 0. Suppose -21*i - 169 = -v. What is the hundreds digit of i?
5
Let l be 38/5 - 120/75. Suppose 4866 = l*j - 1032. What is the tens digit of j?
8
Let a be 2/5 + (-36)/(-10). Let m be (3796/(-40))/(111/(-1110)). Suppose a*p - m = -3*v, 0*p + 5*v + 1160 = 5*p. What is the units digit of p?
5
Suppose 3*o + 12*m = 10*m + 21167, 3*o = 4*m + 21197. What is the tens digit of o?
5
Let d(p) = -170*p - 42. Let i be d(10). Let g = -1010 - i. What is the hundreds digit of g?
7
Let v(j) = -j**2 + 56*j + 1819. Let p be v(77). Let m(b) = 5*b**2 + b + 3. Let k be m(4). Let d = p - k. What is the units digit of d?
5
What is the hundreds digit of ((-442)/(-119))/(-13) + (-4)/(112/(-57212))?
0
Let s = 342 + -375. Suppose 45 = 4*u + 2*n - 147, 3*n - 194 = -4*u. Let w = u + s. What is the tens digit of w?
1
Let f = -5338 + 10350. What is the hundreds digit of f?
0
Suppose -25*l + 1937 + 1813 = 0. Let y = l + 431. What is the units digit of y?
1
Suppose -73754 = -5*o - h, 5*o + 3*h - 39227 - 34535 = 0. What is the hundreds digit of o?
7
Let m(o) = -2665*o - 92. What is the thousands digit of m(-2)?
5
Suppose 0 = p + 2*f - 14629, 3*p - 5*p + 2*f + 29282 = 0. What is the units digit of p?
7
Suppose -4*k - 5*v = -33, -33 = -6*k + 4*k + 3*v. What is the tens digit of (-18)/3*(2 - 138/k)?
5
Let m(g) = -49*g**3 + 6*g**2 + 10*g + 3. Let z(c) = 10*c + 7. Let r be z(-1). Let t be m(r). Suppose -65*b + 71*b = t. What is the hundreds digit of b?
2
Let x(q) = -13*q**2 - 13*q - 10. Let h(d) = -d**3 + 14*d**2 + 12*d + 12. Let v(f) = 2*h(f) + 3*x(f). What is the tens digit of v(-7)?
4
Let w(o) be the first derivative of 7*o**3/3 - 5*o**2/2 + 16*o + 2. Let x be w(-6). What is the units digit of 2/(-7) - x/(-14)?
1
Let w = -5797 + 8759. Suppose -g - 3*g + 4*m = 8, 0 = -m - 2. What is the hundreds digit of w/14 + g/7?
2
Suppose -5*z + 3*d + 56819 = 0, 216*d - 211*d = -2*z + 22709. What is the hundreds digit of z?
3
Let n(x) = -x**2 + 4*x + 116. Let t be n(13). Let o(w) = -2*w**3 - 4*w**2 - 6*w + 4. Let l be o(4). What is the units digit of (-1)/(l/208 - t)?
2
Let g(m) = -4*m**3 - 13*m**2 + 38*m + 28. Let j be g(-20). Suppose -7*k = -45*k + j. What is the hundreds digit of k?
6
Let k(l) = 11*l**3 + 4*l**2 - 31*l + 24. What is the hundreds digit of k(8)?
6
Let h(s) = s. Let w(o) = -26*o + 5. Let b(z) = -2*h(z) - w(z). Let y be b(4). Suppose -347 = -2*u - y. What is the units digit of u?
8
Let s(n) = n**3 + 4*n**2 - 10*n - 5. Let o be s(-3). Let j(r) = r**3 - 36*r**2 + 80*r - 24. What is the tens digit of j(o)?
8
Let r = 4181 - 1406. What is the thousands digit of r?
2
Let m(z) = z**3 + 19*z**2 + 16*z - 132. What is the tens digit of m(31)?
1
Suppose -38*b + 427625 = -207887. What is the ten thousands digit of b?
1
Suppose -5*v - 365 = -4*s, 2*v + 25 = s - 70. Let r = 85 - s. Suppose -4*b + 626 - 86 = r. What is the units digit of b?
5
Suppose -4*m + 5*o + 1964 = 330, 4*m - 1640 = 2*o. Let t = -327 + m. What is the units digit of t?
4
Suppose 20280 = 2*a + 3*j - 29412, -2*a + 9*j + 49668 = 0. What is the thousands digit of a?
4
Let w = 13020 + -5943. What is the hundreds digit of w?
0
Suppose 3*z - 4*r - 166598 = 0, -95*z = -98*z - 3*r + 166647. What is the t